False
Is 5251 a prime number?
False
Is 10049 composite?
True
Is 2143369 prime?
True
Is 980909 a prime number?
True
Is 1847 a composite number?
False
Is 132863 a composite number?
False
Is 84849 prime?
False
Is 3453 a composite number?
True
Is 14143 prime?
True
Is 3299 a prime number?
True
Is 3599 a composite number?
True
Is 84869 a composite number?
False
Is 130729 a prime number?
True
Is 632517 composite?
True
Is 23453 a composite number?
True
Is 1948091 a composite number?
False
Is 778507 a prime number?
True
Is 994469 a prime number?
False
Is 191402 a composite number?
True
Is 362113 a prime number?
False
Is 6899 composite?
False
Is 175511 prime?
False
Is 144659 prime?
True
Is 14453 a composite number?
True
Is 5147 composite?
False
Is 8023 composite?
True
Is 32317 a prime number?
False
Is 237869 composite?
True
Is 493 a composite number?
True
Is 345869 a composite number?
False
Is 72157 composite?
True
Is 60077 a composite number?
False
Is 307511 a prime number?
True
Is 15829 a composite number?
True
Is 573985 prime?
False
Is 21787 a prime number?
True
Is 97415 prime?
False
Is 96241 a composite number?
True
Is 6122 composite?
True
Is 1904069 a prime number?
True
Is 272863 prime?
True
Is 12603 prime?
False
Is 25621 composite?
False
Is 14101 prime?
False
Is 197939 a prime number?
False
Is 570827 composite?
False
Is 4253 a composite number?
False
Is 778993 a composite number?
False
Is 603077 a prime number?
True
Is 43711 a prime number?
True
Is 16141 a prime number?
True
Is 10699 a prime number?
False
Is 4981 a composite number?
True
Is 16177 a prime number?
False
Is 65883 a prime number?
False
Is 387529 a composite number?
False
Is 2400223 composite?
True
Is 2657 prime?
True
Is 18137 a composite number?
True
Is 100769 a prime number?
True
Is 124951 a prime number?
True
Is 42538 a composite number?
True
Is 26749 composite?
True
Is 90929 a prime number?
False
Is 7979 composite?
True
Is 766559 a composite number?
False
Is 14809 composite?
True
Is 3359 prime?
True
Is 1121 a composite number?
True
Is 25009 a prime number?
False
Is 1043 a prime number?
False
Is 3271 composite?
False
Is 242309 composite?
False
Is 92687 a prime number?
False
Is 973837 prime?
True
Is 32366 composite?
True
Is 56417 composite?
False
Is 271394 prime?
False
Is 4327 a prime number?
True
Is 7837 prime?
False
Is 122819 a prime number?
True
Is 34031 prime?
True
Is 53773 a prime number?
True
Is 311117 composite?
True
Is 419973 prime?
False
Is 8749 a prime number?
False
Is 111439 composite?
False
Is 16645 a composite number?
True
Is 138661 composite?
False
Is 39523 prime?
False
Is 31469 prime?
True
Is 3979 a prime number?
False
Is 316681 composite?
False
Is 15338 a prime number?
False
Is 386 composite?
True
Is 1481 composite?
False
Is 92459 a prime number?
True
Is 17813 prime?
False
Is 16729 a composite number?
False
Is 14185 a prime number?
False
Is 278023 prime?
False
Is 281629 a prime number?
False
Is 2977 a composite number?
True
Is 217 a composite number?
True
Is 31 a prime number?
True
Is 70289 a composite number?
False
Is 188259 prime?
False
Is 527 a prime number?
False
Is 278947 composite?
False
Is 41014 prime?
False
Is 225257 composite?
False
Is 23195 composite?
True
Is 1889038 a composite number?
True
Is 322511 a composite number?
True
Is 3707 composite?
True
Is 14194561 prime?
True
Is 12319 a prime number?
False
Is 490709 a composite number?
True
Is 96251 a prime number?
False
Is 2388961 a composite number?
False
Is 9727 prime?
False
Is 736273 a composite number?
False
Is 121403 a composite number?
False
Is 52453 a prime number?
True
Is 8977 a prime number?
False
Is 159019 composite?
True
Is 5147 prime?
True
Is 40019 a composite number?
True
Is 16301 a composite number?
False
Is 491 composite?
False
Is 10369 prime?
True
Is 1073 a prime number?
False
Is 1072163 a composite number?
False
Is 111143 a composite number?
False
Is 266654 a prime number?
False
Is 138031 a prime number?
False
Is 540751 a composite number?
False
Is 823469 prime?
False
Is 251 prime?
True
Is 42509 a composite number?
False
Is 175129 a composite number?
False
Is 61531 a composite number?
True
Is 103739 a prime number?
False
Is 21635 prime?
False
Is 5557 prime?
True
Is 630127 prime?
True
Is 1139 a composite number?
True
Is 31315 a prime number?
False
Is 24793 a prime number?
True
Is 27427 prime?
True
Is 2819 a prime number?
True
Is 9803 a prime number?
True
Is 208671 a composite number?
True
Is 2468903 prime?
True
Is 46337 prime?
True
Is 1217 a composite number?
False
Is 15073 a prime number?
True
Is 4227 prime?
False
Is 168239 a composite number?
True
Is 1703251 a composite number?
True
Is 2306 a composite number?
True
Is 79031 composite?
False
Is 837481 a prime number?
False
Is 109639 composite?
False
Is 465191 a composite number?
True
Is 221479 composite?
True
Is 252794 a composite number?
True
Is 1293 a composite number?
True
Is 258173 a prime number?
True
Is 4327 prime?
True
Is 31615 composite?
True
Is 1962637 a composite number?
False
Is 103141 prime?
True
Is 2518961 prime?
True
Is 1908365 prime?
False
Is 143609 prime?
True
Is 215653 a composite number?
False
Is 1562347 composite?
False
Is 4162 a prime number?
False
Is 27037 a composite number?
True
Is 36833 prime?
True
Is 442465 a composite number?
True
Is 44179 a composite number?
False
Is 109073 a prime number?
True
Is 37909 composite?
True
Is 14143 a composite number?
False
Is 8353 a composite number?
False
Is 264251 a prime number?
False
Is 20903 a prime number?
True
Is 347 prime?
True
Is 100129 a composite number?
False
Is 2351 a prime number?
True
Is 9793 a prime number?
False
Is 4328546 a composite number?
True
Is 4555 a composite number?
True
Is 14143 a composite number?
False
Is 291685 prime?
False
Is 446761 composite?
True
Is 19831 a composite number?
True
Is 2101 a composite number?
True
Is 845245 prime?
False
Is 8513 a prime number?
True
Is 6197 a prime number?
True
Is 40706 composite?
True
Is 335 prime?
False
Is 160915 a composite number?
True
Is 62717 a composite number?
True
Is 37273 a composite number?
False
Is 3163 a prime number?
True
Is 270851 composite?
True
Is 108403 a prime number?
False
Is 122449 a composite number?
False
Is 651943 a composite number?
False
Is 19661 a composite number?
False
Is 151953 a prime number?
False
Is 51007 prime?
False
Is 4045 a composite number?
True
Is 923903 composite?
False
Is 1153883 a prime number?
False
Is 517 a prime number?
False
Is 418709 composite?
False
Is 103 prime?
True
Is 21946 a composite number?
True
Is 15011 a prime number?
False
Is 22441 a prime number?
True
Is 2953 prime?
True
Is 7807 a prime number?
False
Is 1901 prime?
True
Is 14765 a prime number?
False
Is 530597 prime?
True
Is 9277 a prime number?
True
Is 11071 a prime number?
True
Is 1569 a composite number?
True
Is 51971 a composite number?
False
Is 17179 composite?
True
Is 15787 a prime number?
True
Is 23717 a composite number?
True
Is 2879 prime?
True
Is 658807 prime?
True
Is 501691 a composite number?
False
Is 49291 composite?
True
Is 2914673 composite?
False
Is 1439 prime?
True
Is 146819 a composite number?
False
Is 1909 a composite number?
True
Is 55 prime?
False
Is 7756647 a composite number?
True
Is 617277 a prime number?
False
Is 24203 a composite number?
False
Is 40133 prime?
False
Is 1108109 composite?
True
Is 21709 a composite number?
True
Is 42043 composite?
False
Is 34211 a composite number?
False
Is 31883 prime?
True
Is 5539 a prime number?
False
Is 85751 prime?
True
Is 851 composite?
True
Is 1156769 a composite number?
False
Is 3797 a prime number?
True
Is 4012939 a composite number?
True
Is 159437 a prime number?
True
Is 29407 a composite number?
True
Is 1885891 prime?
False
Is 166181 composite?
True
Is 23759 composite?
True
Is 96401 a prime number?
True
Is 175229 a prime number?
True
Is 1926283 a prime number?
True
Is 2933 prime?
False
Is 360253 a composite number?
True
Is 63521 a composite number?
False
Is 829013 a composite number?
False
Is 162406 prime?
False
Is 17539 composite?
False
Is 6751 a prime number?
False
Is 26963 a composite number?
True
Is 751 a prime number?
True
Is 5807209 a prime number?
True
Is 196499 composite?
False
Is 14258 a prime number?
False
Is 4703 a prime number?
True
